9
List the prime factors of 39413.
11, 3583
What are the prime factors of 8540?
2, 5, 7, 61
What are the prime factors of 24496?
2, 1531
List the prime factors of 8590.
2, 5, 859
What are the prime factors of 11842?
2, 31, 191
What are the prime factors of 2493?
3, 277
What are the prime factors of 1003?
17, 59
List the prime factors of 5828.
2, 31, 47
List the prime factors of 9571.
17, 563
List the prime factors of 7760.
2, 5, 97
List the prime factors of 155.
5, 31
List the prime factors of 395.
5, 79
What are the prime factors of 4449?
3, 1483
What are the prime factors of 1064?
2, 7, 19
What are the prime factors of 847?
7, 11
What are the prime factors of 89?
89
List the prime factors of 14896.
2, 7, 19
List the prime factors of 43076.
2, 11, 89
What are the prime factors of 23009?
7, 19, 173
List the prime factors of 473.
11, 43
What are the prime factors of 99?
3, 11
List the prime factors of 56095.
5, 13, 863
List the prime factors of 65806.
2, 13, 2531
What are the prime factors of 162451?
162451
What are the prime factors of 53482?
2, 11, 13, 17
What are the prime factors of 180845?
5, 7, 5167
What are the prime factors of 70307?
167, 421
List the prime factors of 1152.
2, 3
What are the prime factors of 950?
2, 5, 19
What are the prime factors of 9083?
31, 293
What are the prime factors of 1001?
7, 11, 13
List the prime factors of 30086.
2, 7, 307
What are the prime factors of 6830?
2, 5, 683
What are the prime factors of 4778?
2, 2389
What are the prime factors of 44817?
3, 14939
What are the prime factors of 55528?
2, 11, 631
List the prime factors of 3829.
7, 547
List the prime factors of 65821.
7, 9403
List the prime factors of 1880.
2, 5, 47
List the prime factors of 141.
3, 47
List the prime factors of 156510.
2, 3, 5, 37, 47
List the prime factors of 625.
5
List the prime factors of 31563.
3, 7, 167
What are the prime factors of 13679?
13679
What are the prime factors of 11681?
11681
What are the prime factors of 1689?
3, 563
What are the prime factors of 525?
3, 5, 7
List the prime factors of 24208.
2, 17, 89
What are the prime factors of 585?
3, 5, 13
List the prime factors of 3107.
13, 239
List the prime factors of 1512.
2, 3, 7
What are the prime factors of 75101?
13, 53, 109
What are the prime factors of 5374?
2, 2687
List the prime factors of 829.
829
What are the prime factors of 4785?
3, 5, 11, 29
What are the prime factors of 2020?
2, 5, 101
What are the prime factors of 16643?
11, 17, 89
List the prime factors of 7388.
2, 1847
What are the prime factors of 7703?
7703
What are the prime factors of 5565?
3, 5, 7, 53
List the prime factors of 27946.
2, 89, 157
List the prime factors of 797.
797
What are the prime factors of 2559?
3, 853
List the prime factors of 700.
2, 5, 7
List the prime factors of 5794.
2, 2897
List the prime factors of 108409.
7, 17, 911
List the prime factors of 1355.
5, 271
What are the prime factors of 3494?
2, 1747
What are the prime factors of 188?
2, 47
List the prime factors of 45632.
2, 23, 31
What are the prime factors of 277?
277
List the prime factors of 2144.
2, 67
What are the prime factors of 1441?
11, 131
List the prime factors of 2040.
2, 3, 5, 17
What are the prime factors of 249?
3, 83
List the prime factors of 802.
2, 401
What are the prime factors of 480?
2, 3, 5
List the prime factors of 36995.
5, 7, 151
What are the prime factors of 8?
2
List the prime factors of 1604.
2, 401
List the prime factors of 57970.
2, 5, 11, 17, 31
What are the prime factors of 2314?
2, 13, 89
List the prime factors of 273.
3, 7, 13
What are the prime factors of 2945?
5, 19, 31
List the prime factors of 7.
7
What are the prime factors of 89323?
13, 6871
What are the prime factors of 148285?
5, 47, 631
What are the prime factors of 1233?
3, 137
List the prime factors of 388.
2, 97
List the prime factors of 119588.
2, 7, 4271
List the prime factors of 57722.
2, 7, 19, 31
What are the prime factors of 445?
5, 89
What are the prime factors of 4495?
5, 29, 31
List the prime factors of 53.
53
List the prime factors of 93356.
2, 23339
What are the prime factors of 4405?
5, 881
List the prime factors of 899.
29, 31
What are the prime factors of 1152?
2, 3
What are the prime factors of 66498?
2, 3, 11083
What are the prime factors of 2378?
2, 29, 41
List the prime factors of 7167.
3, 2389
What are the prime factors of 2793?
3, 7, 19
What are the prime factors of 20788?
2, 5197
What are the prime factors of 722?
2, 19
What are the prime factors of 964?
2, 241
What are the prime factors of 6292?
2, 11, 13
List the prime factors of 464.
2, 29
List the prime factors of 607.
607
What are the prime factors of 2252?
2, 563
List the prime factors of 1746.
2, 3, 97
List the prime factors of 6799.
13, 523
List the prime factors of 700.
2, 5, 7
What are the prime factors of 34875?
3, 5, 31
What are the prime factors of 159767?
197, 811
List the prime factors of 28153.
47, 599
List the prime factors of 100653.
3, 7, 4793
What are the prime factors of 9797?
97, 101
What are the prime factors of 17764?
2, 4441
What are the prime factors of 16734?
2, 3, 2789
What are the prime factors of 21906?
2, 3, 1217
What are the prime factors of 628?
2, 157
What are the prime factors of 464?
2, 29
What are the prime factors of 2336?
2, 73
What are the prime factors of 256?
2
List the prime factors of 1631.
7, 233
List the prime factors of 397.
397
What are the prime factors of 6091?
6091
What are the prime factors of 3913?
7, 13, 43
List the prime factors of 81667.
81667
List the prime factors of 18347.
7, 2621
What are the prime factors of 46411?
46411
List the prime factors of 55826.
2, 103, 271
What are the prime factors of 1716?
2, 3, 11, 13
What are the prime factors of 964?
2, 241
What are the prime factors of 824?
2, 103
List the prime factors of 1091.
1091
List the prime factors of 13241.
13241
What are the prime factors of 1839?
3, 613
What are the prime factors of 89266?
2, 44633
List the prime factors of 6410.
2, 5, 641
What are the prime factors of 5386?
2, 2693
List the prime factors of 19385.
5, 3877
What are the prime factors of 1264?
2, 79
List the prime factors of 7780.
2, 5, 389
List the prime factors of 674.
2, 337
What are the prime factors of 851?
23, 37
What are the prime factors of 10050?
2, 3, 5, 67
List the prime factors of 3776.
2, 59
What are the prime factors of 282?
2, 3, 47
What are the prime factors of 1606?
2, 11, 73
What are the prime factors of 35323?
35323
What are the prime factors of 4421?
4421
List the prime factors of 1408.
2, 11
What are the prime factors of 643?
643
What are the prime factors of 38097?
3, 17, 83
What are the prime factors of 120?
2, 3, 5
List the prime factors of 3769.
3769
List the prime factors of 1152.
2, 3
What are the prime factors of 168306?
2, 3, 28051
List the prime factors of 18535.
5, 11, 337
What are the prime factors of 82631?
19, 4349
List the prime factors of 2274.
2, 3, 379
What are the prime factors of 97?
97
What are the prime factors of 9327?
3, 3109
What are the prime factors of 676?
2, 13
What are the prime factors of 41308?
2, 23, 449
List the prime factors of 48.
2, 3
List the prime factors of 62874.
2, 3, 7, 499
What are the prime factors of 806?
2, 13, 31
What are the prime factors of 276?
2, 3, 23
List the prime factors of 980.
2, 5, 7
List the prime factors of 35164.
2, 59, 149
List the prime factors of 2391.
3, 797
List the prime factors of 300.
2, 3, 5
List the prime factors of 787.
787
What are the prime factors of 2532?
2, 3, 211
List the prime factors of 9312.
2, 3, 97
What are the prime factors of 7521?
3, 23, 109
List the prime factors of 25005.
3, 5, 1667
What are the prime factors of 83648?
2, 1307
List the prime factors of 20898.
2, 3, 43
What are the prime factors of 169304?
2, 21163
List the prime factors of 3314.
2, 1657
List the prime factors of 35504.
2, 7, 317
List the prime factors of 624.
2, 3, 13
List the prime factors of 1956.
2, 3, 163
What are the prime factors of 951?
3, 317
List the prime factors of 458.
2, 229
List the prime factors of 87220.
2, 5, 7, 89
List the prime factors of 29882.
2, 67, 223
What are the prime factors of 10389?
3, 3463
List the prime factors of 6990.
2, 3, 5, 233
What are the prime factors of 6443?
